-4 - 310?
-314
In base 3, what is -100010 - 12?
-100022
In base 10, what is 35 + 4?
39
In base 14, what is -2 - -5b6?
5b4
In base 4, what is 122 - 22322?
-22200
In base 8, what is 26 + -3?
23
In base 3, what is 100011012 - -1?
100011020
In base 13, what is 3 - 2a10?
-2a0a
In base 2, what is 1 - 10010110011?
-10010110010
In base 6, what is -2 + 1022?
1020
In base 6, what is -505 + -5?
-514
In base 13, what is -319 + -2?
-31b
In base 4, what is -13 - -33330?
33311
In base 13, what is 2 - 1915?
-1913
In base 14, what is 5 + -32a?
-325
In base 10, what is 522 - -3?
525
In base 11, what is 5 - -3?
8
In base 5, what is -114 - -203?
34
In base 7, what is 35 - -156?
224
In base 11, what is -14 - -60?
47
In base 2, what is -1011 - 1000?
-10011
In base 9, what is 1 + -110?
-108
In base 14, what is 1 - -5?
6
In base 16, what is -5 + 1e?
19
In base 5, what is 104 - -21?
130
In base 9, what is -418 + 10?
-408
In base 7, what is -5 + -1656?
-1664
In base 10, what is -3 - 57?
-60
In base 2, what is -110110000 + 100?
-110101100
In base 7, what is -2566 - 13?
-2612
In base 7, what is 44 + 50?
124
In base 4, what is 12 - 1?
11
In base 14, what is -59 + 47?
-12
In base 11, what is -5 - -59?
54
In base 12, what is 1315 - -4?
1319
In base 2, what is 110001111 - 101?
110001010
In base 4, what is 13 - -211?
230
In base 16, what is 2 - 2e3?
-2e1
In base 14, what is -4 + -a2?
-a6
In base 16, what is -146 - -13?
-133
In base 13, what is -1 - 647?
-648
In base 15, what is 235 - -5?
23a
In base 11, what is 43 + -9?
35
In base 6, what is 2 + 21455?
21501
In base 15, what is -3 + 100?
ec
In base 13, what is 828 - 0?
828
In base 13, what is -2b - 6?
-34
In base 5, what is 12 + 12?
24
In base 11, what is -2 - 89?
-90
In base 9, what is -4 - -66?
62
In base 9, what is 28 + 6?
35
In base 8, what is 5 - -2371?
2376
In base 6, what is 415 - 2?
413
In base 15, what is -20 - -66?
46
In base 13, what is -b4a + -4?
-b51
In base 16, what is 3 - 1390?
-138d
In base 13, what is -5 + -295?
-29a
In base 2, what is 11 + 1?
100
In base 6, what is -510 - 452?
-1402
In base 13, what is -2 + -14a4?
-14a6
In base 11, what is -2 - -185?
183
In base 4, what is 2 - -12?
20
In base 10, what is -21 + -40?
-61
In base 16, what is 21 + -1?
20
In base 7, what is 1 - -63?
64
In base 13, what is 3 - 125?
-122
In base 8, what is -20 + -114?
-134
In base 5, what is -210 + -2?
-212
In base 6, what is -1455 - -4?
-1451
In base 5, what is 4 - 3401?
-3342
In base 10, what is 16119 + -1?
16118
In base 14, what is 0 - 2c9?
-2c9
In base 15, what is 77 + -23?
54
In base 9, what is 442 + -2?
440
In base 16, what is a + -a?
0
In base 10, what is 94 - 3?
91
In base 2, what is 111 + 101110?
110101
In base 3, what is 10 + 211?
221
In base 3, what is 2 - 121?
-112
In base 13, what is -3c3 - -3?
-3c0
In base 10, what is -4 - 803?
-807
In base 7, what is 1501 - 3?
1465
In base 7, what is -616 - -2?
-614
In base 11, what is -3 - -292?
28a
In base 14, what is -6dd + -2?
-701
In base 7, what is -1 + -35?
-36
In base 4, what is 21332 + 3?
22001
In base 8, what is 125 - -415?
542
In base 2, what is 1100011001 + 1?
1100011010
In base 2, what is -110001 - -1011?
-100110
In base 14, what is -81 - 0?
-81
In base 9, what is -3 + 216?
213
In base 7, what is -4 + -133?
-140
In base 2, what is -101 + -110010?
-110111
In base 7, what is -654 - 4?
-661
In base 10, what is 64 + 256?
320
In base 9, what is -2 - -4674?
4672
In base 9, what is -1 - 13?
-14
In base 6, what is 3 + -2?
1
In base 16, what is 80a - -4?
80e
In base 13, what is 2 + 5c?
61
In base 13, what is -229 + -4?
-230
In base 5, what is 3313 - 30?
3233
In base 7, what is -361 + 5?
-353
In base 2, what is -111011100111 + 100?
-111011100011
In base 16, what is -1f8b - 2?
-1f8d
In base 4, what is 0 + -313?
-313
In base 3, what is 100 - -201111?
201211
In base 5, what is 14 + -112?
-43
In base 16, what is 4 - 45b?
-457
In base 2, what is 10000 - -110?
10110
In base 4, what is -1032331 - -10?
-1032321
In base 15, what is -ce + -16?
-e5
In base 11, what is 1 - -669?
66a
In base 10, what is -2 - -537?
535
In base 4, what is 231 + -10?
221
In base 7, what is -256 + 5?
-251
In base 11, what is -1633 + 3?
-1630
In base 10, what is 615 + 5?
620
In base 11, what is -1 + 320?
31a
In base 9, what is 480 + 14?
504
In base 7, what is -4 - 56?
-63
In base 3, what is -1 - 1020?
-1021
In base 14, what is 1bb - 1?
1ba
In base 4, what is -11 + -310?
-321
In base 4, what is 1132313 + -11?
1132302
In base 15, what is 15d + 4?
162
In base 16, what is 1 + 18f?
190
In base 7, what is -214 - -25?
-156
In base 11, what is 8 + -54?
-47
In base 3, what is -210002 + 0?
-210002
In base 16, what is -9779 + 2?
-9777
In base 14, what is 5 - -1593?
1598
In base 3, what is 11 - -2002021?
2002102
In base 2, what is -101001 - -101?
-100100
In base 9, what is 3 - -20?
23
In base 7, what is -453 + 10?
-443
In base 16, what is 4 - 36?
-32
In base 11, what is -2 - -10aa?
10a8
In base 7, what is 4 + -11126?
-11122
In base 2, what is 101 + -101011?
-100110
In base 3, what is 1 + 1010200?
1010201
In base 16, what is -2e2 - -3?
-2df
In base 8, what is -5000 + -2?
-5002
In base 5, what is 422 + -112?
310
In base 13, what is -1111 + 4?
-110a
In base 12, what is 322 + -3?
31b
In base 8, what is -555 - 1?
-556
In base 13, what is 17 - 5?
12
In base 4, what is -2 - -20131?
20123
In base 3, what is -2 + 21202002?
21202000
In base 6, what is 112 + -2?
110
In base 12, what is -34 + -113?
-147
In base 7, what is 2222 + -11?
2211
In base 14, what is -d + -4c?
-5b
In base 3, what is 2021 + 10?
2101
In base 15, what is 2 - 535?
-533
In base 3, what is -1 + 1020021?
1020020
In base 15, what is 13ee + -5?
13e9
In base 7, what is 4 - -2515?
2522
In base 5, what is 21221 - 0?
21221
In base 14, what is -47 - 5?
-4c
In base 14, what is -306 - 2?
-308
In base 12, what is -31 + 1?
-30
In base 6, what is 1 - 141?
-140
In base 13, what is 3 - -94?
97
In base 4, what is 1 - -3223?
3230
In base 3, what is 1102110002 - 0?
1102110002
In base 7, what is 2 + -621?
-616
In base 14, what is -5 - 6d?
-74
In base 9, what is 4 - 1147?
-1143
In base 14, what is -59 - -5?
-54
In base 16, what is 26 + 3?
29
In base 13, what is 43 - 6?
3a
In base 11, what is 20 + 1154?
1174
In base 11, what is -5 + 401?
3a7
In base 16, what is 4 + 33d?
341
In base 11, what is 7 + -2a?
-23
In base 6, what is 1 + -14202?
-14201
In base 15, what is 1c78 - 3?
1c75
In base 12, what is 4 + -5ab?
-5a7
In base 2, what is -10 + -11100011?
-11100101
In base 11, what is 16 + -3?
13
In base 12, what is 26a - -15?
283
In base 3, what is -221 + 102000?
101002
In base 13, what is -2 + 26?
24
In base 9, what is 5 - -64?
70
In base 9, what is -11 - -3250?
3238
In base 3, what is 1110 + -12?
1021
In base 8, what is -7 + -155?
-164
In base 16, what is -2 - 7c?
-7e
In base 7, what is 1023 + 1?
1024
In base 3, what is 101011 + 2?
101020
In base 15, what is 63 - 4?
5e
In base 16, what is 0 + e5?
e5
In base 10, what is -28 - 3?
-31
In base 14, what is 15 + -3?
12
In base 11, what is -4 + a7?
a3
In base 2, what is -100 + -110110101?
-110111001
In base 14, what is 2 - -3b?
3d
In base 14, what is 0 - -44a?
44a
In base 16, what is 10b - 4?
107
In base 2, what is -1100 + -110011?
-111111
In base 6, what is -3 + 120?
113
In base 12, what is 1801 - 5?
17b8
In base 6, what is 135202 - 5?
135153
In base 14, what is 1 - 41?
-40
In base 16, what is -5ed3 + 2?
-5ed1
In base 16, what is -2 - 42?
-44
In base 2, what is 11010 - 10001101?
-1110011
In base 14, what is 4 + 2da?
300
In base 3, what is 222121 + 10?
222201
In base 15, what is 15dc + -4?
15d8
In base 4, what is -132 - -2?
-130
In base 2, what is 101100 + 101?
110001
In base 10, what is -35 + 10?
-25
In base 6, what is 4 + -130?
-122
In base 5, what is 3211 + 11?
3222
In base 10, what is -4 + 1?
-3
In base 15, what is -5c1 - 2?
-5c3
In base 2, what is -11 + -111010?
-111101
In base 12, what is 6b + -1b?
50
In base 6, what is 342 + -4?
334
In base 2, what is 11011111 - -1?
11100000
In base 11, what is -7 + 478?
471
In base 3, what is -11212 + -12?
-12001
In base 4, what is 103 + 31?
200
In base 11, what is -3 - 227?
-22a
In base 10, what is 74 - 4?
70
In base 5, what is 1 - -32331?
32332
In base 2, what is -100101 + -10010?
-110111
In base 12, wha